{"id":2733,"date":"2020-04-15T19:42:45","date_gmt":"2020-04-15T17:42:45","guid":{"rendered":"http:\/\/godziszewo.diecezja-pelplin.pl\/?page_id=2733"},"modified":"2020-04-15T19:42:45","modified_gmt":"2020-04-15T17:42:45","slug":"i-komunia-swieta-w-2020-roku","status":"publish","type":"page","link":"https:\/\/godziszewo.diecezja-pelplin.pl\/index.php\/i-komunia-swieta-w-2020-roku\/","title":{"rendered":"I KOMUNIA \u015aWI\u0118TA W 2020 ROKU"},"content":{"rendered":"<p>WA\u017bNA INFORMACJA DLA RODZIC\u00d3W DZIECI PRZYST\u0118PUJ\u0104CYCH DO I KOMUNII \u015aWI\u0118TEJ W 2020 ROKU<\/p>\n<p>W zwi\u0105zku z zaistnia\u0142\u0105 sytuacj\u0105 przeprowadzenie I Komunii \u015bw. w maju tego roku jest niemo\u017cliwe. Jako nowy termin proponuj\u0119 niedziel\u0119 4. pa\u017adziernika 2020 roku o godz. 11.30. Bardzo prosz\u0119 rodzic\u00f3w dzieci pierwszokomunijnych o informacj\u0119 zwrotn\u0105, czy podany powy\u017cej termin jest do zaakceptowania. Na Pa\u0144stwa odpowied\u017a czekam pod \u00a0parafialnym adresem e-mailowym: <a href=\"mailto:pgodziszewo@diecezja-pelplin.pl\">pgodziszewo@diecezja-pelplin.pl<\/a> do poniedzia\u0142ku 20. kwietnia 2020 roku.<\/p>\n<p>Potwierdzenie terminu nast\u0105pi po zebraniu Pa\u0144stwa g\u0142os\u00f3w.<\/p>\n<p style=\"text-align: right;\">Pozdrawiam ks. Rafa\u0142 Zientara, proboszcz<\/p>\n","protected":false},"excerpt":{"rendered":"<p>WA\u017bNA INFORMACJA DLA RODZIC\u00d3W DZIECI PRZYST\u0118PUJ\u0104CYCH DO I KOMUNII \u015aWI\u0118TEJ W 2020 ROKU W zwi\u0105zku z zaistnia\u0142\u0105 sytuacj\u0105 przeprowadzenie I Komunii \u015bw. w maju tego roku jest niemo\u017cliwe. Jako nowy termin proponuj\u0119 niedziel\u0119 4. pa\u017adziernika 2020 roku o godz. 11.30. Bardzo prosz\u0119 rodzic\u00f3w dzieci pierwszokomunijnych&hellip;<\/p>\n","protected":false},"author":2,"featured_media":0,"parent":0,"menu_order":0,"comment_status":"closed","ping_status":"closed","template":"","meta":{"footnotes":"","_links_to":"","_links_to_target":""},"class_list":["post-2733","page","type-page","status-publish","hentry"],"_links":{"self":[{"href":"https:\/\/godziszewo.diecezja-pelplin.pl\/index.php\/wp-json\/wp\/v2\/pages\/2733","targetHints":{"allow":["GET"]}}],"collection":[{"href":"https:\/\/godziszewo.diecezja-pelplin.pl\/index.php\/wp-json\/wp\/v2\/pages"}],"about":[{"href":"https:\/\/godziszewo.diecezja-pelplin.pl\/index.php\/wp-json\/wp\/v2\/types\/page"}],"author":[{"embeddable":true,"href":"https:\/\/godziszewo.diecezja-pelplin.pl\/index.php\/wp-json\/wp\/v2\/users\/2"}],"replies":[{"embeddable":true,"href":"https:\/\/godziszewo.diecezja-pelplin.pl\/index.php\/wp-json\/wp\/v2\/comments?post=2733"}],"version-history":[{"count":1,"href":"https:\/\/godziszewo.diecezja-pelplin.pl\/index.php\/wp-json\/wp\/v2\/pages\/2733\/revisions"}],"predecessor-version":[{"id":2734,"href":"https:\/\/godziszewo.diecezja-pelplin.pl\/index.php\/wp-json\/wp\/v2\/pages\/2733\/revisions\/2734"}],"wp:attachment":[{"href":"https:\/\/godziszewo.diecezja-pelplin.pl\/index.php\/wp-json\/wp\/v2\/media?parent=2733"}],"curies":[{"name":"wp","href":"https:\/\/api.w.org\/{rel}","templated":true}]}}