{"id":2955,"date":"2021-04-16T08:57:22","date_gmt":"2021-04-16T06:57:22","guid":{"rendered":"http:\/\/godziszewo.diecezja-pelplin.pl\/?page_id=2955"},"modified":"2021-04-16T08:58:30","modified_gmt":"2021-04-16T06:58:30","slug":"sakrament-malzenstwa","status":"publish","type":"page","link":"http:\/\/godziszewo.diecezja-pelplin.pl\/index.php\/sakrament-malzenstwa\/","title":{"rendered":"Sakrament ma\u0142\u017ce\u0144stwa"},"content":{"rendered":"\n<p>Ustalenie daty \u015blubu dokonywane jest zazwyczaj ze znacznym wyprzedzeniem, ze wzgl\u0119du na rezerwacje w Domach Weselnych. Jednak spisanie protoko\u0142u przed\u015blubnego nast\u0119puje nie wcze\u015bniej ni\u017c 3 miesi\u0105ce przed \u015blubem. <\/p>\n\n\n\n<p>Na spisanie protoko\u0142u umawiamy si\u0119 poza godzinami urz\u0119dowania w kancelarii. Trzeba na to zarezerwowa\u0107 oko\u0142o 90. minut.<\/p>\n\n\n\n<h4 class=\"wp-block-heading\"><strong>DOKUMENTY jakie nale\u017cy przynie\u015b\u0107:<\/strong><\/h4>\n\n\n\n<ol class=\"wp-block-list\"><li>Wa\u017cne dowody osobiste narzeczonych.<\/li><li>\u015awiadectwo chrztu narzeczonego (narzeczonej) ochrzczonego poza Godziszewem. \u015awiadectwo chrztu jest wa\u017cne przez 3 miesi\u0105ce \u2013 w Ko\u015bciele jest ono zarazem \u015bwiadectwem stanu wolnego.<\/li><li>Dokumenty z Urz\u0119du Stanu Cywilnego (gdy \u015blub konkordatowy), lub&nbsp;akt zawarcia ma\u0142\u017ce\u0144stwa z USC, gdy \u015blub cywilny ju\u017c zawarto. Dokumenty z Urz\u0119du Stanu Cywilnego wydawane dla \u015blubu konkordatowego s\u0105 wa\u017cne przez 6 miesi\u0119cy.<\/li><li>\u015awiadectwo uko\u0144czenia katechizacji.<\/li><li>Za\u015bwiadczenie o uczestnictwie w katechezie przedma\u0142\u017ce\u0144skiej, i poradni \u017cycia rodzinnego (po protokole).<\/li><li>Je\u017celi \u017cadne z narzeczonych nie nale\u017cy do naszej parafii, potrzebna jest zgoda w\u0142asnego proboszcza na spisanie protoko\u0142u.<br>Narzeczeni mog\u0105 te\u017c spisa\u0107 protok\u00f3\u0142 przed\u015blubny w innej parafii i wtedy dostarczaj\u0105&nbsp;tzw. licencj\u0119 do zawarcia ma\u0142\u017ce\u0144stwa.<\/li><li>Dane \u015bwiadk\u00f3w: imi\u0119, nazwisko, wiek, adres zamieszkania.<\/li><\/ol>\n","protected":false},"excerpt":{"rendered":"<p>Ustalenie daty \u015blubu dokonywane jest zazwyczaj ze znacznym wyprzedzeniem, ze wzgl\u0119du na rezerwacje w Domach Weselnych. Jednak spisanie protoko\u0142u przed\u015blubnego nast\u0119puje nie wcze\u015bniej ni\u017c 3 miesi\u0105ce przed \u015blubem. Na spisanie protoko\u0142u umawiamy si\u0119 poza godzinami urz\u0119dowania w kancelarii. Trzeba na to zarezerwowa\u0107 oko\u0142o 90. minut.&hellip;<\/p>\n","protected":false},"author":1,"featured_media":0,"parent":0,"menu_order":0,"comment_status":"closed","ping_status":"closed","template":"","meta":{"footnotes":"","_links_to":"","_links_to_target":""},"class_list":["post-2955","page","type-page","status-publish","hentry"],"_links":{"self":[{"href":"http:\/\/godziszewo.diecezja-pelplin.pl\/index.php\/wp-json\/wp\/v2\/pages\/2955","targetHints":{"allow":["GET"]}}],"collection":[{"href":"http:\/\/godziszewo.diecezja-pelplin.pl\/index.php\/wp-json\/wp\/v2\/pages"}],"about":[{"href":"http:\/\/godziszewo.diecezja-pelplin.pl\/index.php\/wp-json\/wp\/v2\/types\/page"}],"author":[{"embeddable":true,"href":"http:\/\/godziszewo.diecezja-pelplin.pl\/index.php\/wp-json\/wp\/v2\/users\/1"}],"replies":[{"embeddable":true,"href":"http:\/\/godziszewo.diecezja-pelplin.pl\/index.php\/wp-json\/wp\/v2\/comments?post=2955"}],"version-history":[{"count":2,"href":"http:\/\/godziszewo.diecezja-pelplin.pl\/index.php\/wp-json\/wp\/v2\/pages\/2955\/revisions"}],"predecessor-version":[{"id":2959,"href":"http:\/\/godziszewo.diecezja-pelplin.pl\/index.php\/wp-json\/wp\/v2\/pages\/2955\/revisions\/2959"}],"wp:attachment":[{"href":"http:\/\/godziszewo.diecezja-pelplin.pl\/index.php\/wp-json\/wp\/v2\/media?parent=2955"}],"curies":[{"name":"wp","href":"https:\/\/api.w.org\/{rel}","templated":true}]}}